{"id":548,"date":"2021-10-11T18:31:34","date_gmt":"2021-10-11T18:31:34","guid":{"rendered":"https:\/\/www.publicamexico.com\/?page_id=548"},"modified":"2024-01-03T16:59:44","modified_gmt":"2024-01-03T16:59:44","slug":"mupis-2","status":"publish","type":"page","link":"https:\/\/www.publicamexico.com\/?page_id=548","title":{"rendered":"MUPIS"},"content":{"rendered":"<p>[et_pb_section fb_built=&#8221;1&#8243; admin_label=&#8221;Packages&#8221; _builder_version=&#8221;4.16&#8243; global_colors_info=&#8221;{}&#8221;][et_pb_row column_structure=&#8221;2_5,3_5&#8243; make_equal=&#8221;on&#8221; padding_top_bottom_link_1=&#8221;false&#8221; padding_top_bottom_link_2=&#8221;true&#8221; _builder_version=&#8221;4.16&#8243; custom_margin=&#8221;40px||80px||false&#8221; custom_padding=&#8221;0|0px|0|0px|true|false&#8221; animation_style=&#8221;slide&#8221; animation_direction=&#8221;left&#8221; animation_intensity_slide=&#8221;1%&#8221; box_shadow_style=&#8221;preset4&#8243; box_shadow_horizontal=&#8221;780px&#8221; box_shadow_vertical=&#8221;0px&#8221; box_shadow_color=&#8221;#f5f6f9&#8243; global_colors_info=&#8221;{}&#8221;][et_pb_column type=&#8221;2_5&#8243; _builder_version=&#8221;4.16&#8243; custom_padding=&#8221;80px||40px|&#8221; custom_padding_tablet=&#8221;0px|||&#8221; custom_padding_phone=&#8221;&#8221; custom_padding_last_edited=&#8221;on|tablet&#8221; global_colors_info=&#8221;{}&#8221; padding_tablet=&#8221;0px|||&#8221; padding_last_edited=&#8221;on|tablet&#8221; custom_padding__hover=&#8221;|||&#8221; padding_phone=&#8221;0px|||&#8221;][et_pb_text _builder_version=&#8221;4.16&#8243; text_font=&#8221;||||||||&#8221; text_line_height=&#8221;2em&#8221; header_font=&#8221;||||||||&#8221; header_3_font=&#8221;Lato|900|||||||&#8221; header_3_font_size=&#8221;35px&#8221; header_3_line_height=&#8221;1.5em&#8221; header_4_font=&#8221;Lato|700||on|||||&#8221; header_4_text_color=&#8221;rgba(12,12,12,0.27)&#8221; header_4_font_size=&#8221;13px&#8221; header_4_letter_spacing=&#8221;3px&#8221; header_4_line_height=&#8221;1.8em&#8221; header_3_font_size_tablet=&#8221;&#8221; header_3_font_size_phone=&#8221;25px&#8221; header_3_font_size_last_edited=&#8221;on|desktop&#8221; global_colors_info=&#8221;{}&#8221;]<\/p>\n<h4>03<\/h4>\n<h3>MUPI:<\/h3>\n<h3>Mobiliario urbano\u00a0<\/h3>\n<ul class=\"ul1\">\n<li class=\"li1\"><span class=\"s1\"><\/span><span class=\"s2\">M\u00e1s de <strong>2.000 caras propias.<\/strong><\/span><\/li>\n<li class=\"li1\"><span class=\"s3\"><\/span><span class=\"s2\">Presencia en m\u00e1s de <strong>325 Colegios y Universidades.<\/strong><\/span><\/li>\n<li class=\"li1\"><span class=\"s3\"><\/span><span class=\"s2\">Investigaci\u00f3n, an\u00e1lisis y desarrollo del <strong>plan de comunicaci\u00f3n<\/strong> con <strong>resultados<\/strong> reales de impactos y alcances.<\/span><\/li>\n<li class=\"li1\"><span class=\"s3\"><\/span><strong><span class=\"s2\">Segmentaci\u00f3n.<\/span><\/strong><\/li>\n<li class=\"li1\"><strong><span class=\"s3\"><\/span><\/strong><span class=\"s2\"><strong>Acciones especiales:<\/strong> Comunicaci\u00f3n tridimensional y sensorial; empleo segundos planos,<span class=\"Apple-converted-space\">\u00a0 <\/span>materiales especiales, lenticular, digitalizaci\u00f3n, paneles touch.<\/span><span class=\"s1\"><\/span><\/li>\n<\/ul>\n<p>[\/et_pb_text][\/et_pb_column][et_pb_column type=&#8221;3_5&#8243; _builder_version=&#8221;4.16&#8243; use_background_color_gradient=&#8221;on&#8221; background_color_gradient_direction=&#8221;90deg&#8221; background_color_gradient_stops=&#8221;rgba(245,246,249,0) 50%|#f5f6f9 50%&#8221; background_color_gradient_start=&#8221;rgba(245,246,249,0)&#8221; background_color_gradient_start_position=&#8221;50%&#8221; background_color_gradient_end=&#8221;#f5f6f9&#8243; background_color_gradient_end_position=&#8221;0%&#8221; custom_padding=&#8221;60px||60px|&#8221; global_colors_info=&#8221;{}&#8221; custom_padding__hover=&#8221;|||&#8221;][et_pb_image src=&#8221;https:\/\/www.publicamexico.com\/wp-content\/uploads\/2023\/12\/1.jpeg&#8221; title_text=&#8221;1&#8243; align_tablet=&#8221;center&#8221; align_phone=&#8221;&#8221; align_last_edited=&#8221;on|desktop&#8221; _builder_version=&#8221;4.23.1&#8243; width=&#8221;122.1%&#8221; custom_margin=&#8221;|-20%||-4px||&#8221; custom_margin_tablet=&#8221;|-10%||&#8221; custom_margin_phone=&#8221;|||&#8221; custom_margin_last_edited=&#8221;on|phone&#8221; filter_saturate=&#8221;120%&#8221; filter_brightness=&#8221;108%&#8221; filter_contrast=&#8221;98%&#8221; animation_style=&#8221;slide&#8221; animation_direction=&#8221;left&#8221; animation_intensity_slide=&#8221;5%&#8221; global_colors_info=&#8221;{}&#8221;][\/et_pb_image][et_pb_gallery gallery_ids=&#8221;740,741,742,743,748,744,745,749,750,751,752,753,360,361,362,363,364,365,366,367,368,369,746&#8243; posts_number=&#8221;2&#8243; show_title_and_caption=&#8221;off&#8221; _builder_version=&#8221;4.23.4&#8243; _module_preset=&#8221;default&#8221; hover_enabled=&#8221;0&#8243; global_colors_info=&#8221;{}&#8221; sticky_enabled=&#8221;0&#8243;][\/et_pb_gallery][\/et_pb_column][\/et_pb_row][et_pb_row column_structure=&#8221;2_5,3_5&#8243; make_equal=&#8221;on&#8221; padding_top_bottom_link_1=&#8221;false&#8221; padding_top_bottom_link_2=&#8221;true&#8221; _builder_version=&#8221;4.16&#8243; custom_margin=&#8221;40px||80px||false&#8221; custom_padding=&#8221;0|0px|0|0px|true|false&#8221; animation_style=&#8221;slide&#8221; animation_direction=&#8221;left&#8221; animation_intensity_slide=&#8221;1%&#8221; box_shadow_style=&#8221;preset4&#8243; box_shadow_horizontal=&#8221;780px&#8221; box_shadow_vertical=&#8221;0px&#8221; box_shadow_color=&#8221;#f5f6f9&#8243; global_colors_info=&#8221;{}&#8221;][et_pb_column type=&#8221;2_5&#8243; _builder_version=&#8221;4.16&#8243; custom_padding=&#8221;80px||40px|&#8221; custom_padding_tablet=&#8221;0px|||&#8221; custom_padding_phone=&#8221;&#8221; custom_padding_last_edited=&#8221;on|tablet&#8221; global_colors_info=&#8221;{}&#8221; padding_tablet=&#8221;0px|||&#8221; padding_last_edited=&#8221;on|tablet&#8221; custom_padding__hover=&#8221;|||&#8221; padding_phone=&#8221;0px|||&#8221;][et_pb_text _builder_version=&#8221;4.16&#8243; text_font=&#8221;||||||||&#8221; text_line_height=&#8221;2em&#8221; header_font=&#8221;||||||||&#8221; header_3_font=&#8221;Lato|900|||||||&#8221; header_3_font_size=&#8221;35px&#8221; header_3_line_height=&#8221;1.5em&#8221; header_4_font=&#8221;Lato|700||on|||||&#8221; header_4_text_color=&#8221;rgba(12,12,12,0.27)&#8221; header_4_font_size=&#8221;13px&#8221; header_4_letter_spacing=&#8221;3px&#8221; header_4_line_height=&#8221;1.8em&#8221; header_3_font_size_tablet=&#8221;&#8221; header_3_font_size_phone=&#8221;25px&#8221; header_3_font_size_last_edited=&#8221;on|desktop&#8221; global_colors_info=&#8221;{}&#8221;]<\/p>\n<h4><\/h4>\n<h3>Planteles a nivel Nacional<\/h3>\n<p class=\"p1\"><span class=\"s1\">Est\u00e1s son algunas de las instituciones en las que tenemos presencia, en las mejores ubicaciones, zonas de alto tr\u00e1nsito y frecuencia de alumnos.<\/span><\/p>\n<div class=\"layoutArea\">\n<div class=\"column\"><\/div>\n<\/div>\n<ul class=\"ul1\"><\/ul>\n<p>[\/et_pb_text][\/et_pb_column][et_pb_column type=&#8221;3_5&#8243; _builder_version=&#8221;4.16&#8243; use_background_color_gradient=&#8221;on&#8221; background_color_gradient_direction=&#8221;90deg&#8221; background_color_gradient_stops=&#8221;rgba(245,246,249,0) 50%|#f5f6f9 50%&#8221; background_color_gradient_start=&#8221;rgba(245,246,249,0)&#8221; background_color_gradient_start_position=&#8221;50%&#8221; background_color_gradient_end=&#8221;#f5f6f9&#8243; background_color_gradient_end_position=&#8221;0%&#8221; custom_padding=&#8221;60px||60px|&#8221; global_colors_info=&#8221;{}&#8221; custom_padding__hover=&#8221;|||&#8221;][et_pb_image src=&#8221;https:\/\/www.publicamexico.com\/wp-content\/uploads\/2021\/10\/ESCUELAS-_ESCUELAS.png&#8221; title_text=&#8221;ESCUELAS-_ESCUELAS&#8221; align_tablet=&#8221;center&#8221; align_phone=&#8221;&#8221; align_last_edited=&#8221;on|desktop&#8221; _builder_version=&#8221;4.16&#8243; custom_margin=&#8221;|-20%||16px||&#8221; custom_margin_tablet=&#8221;|-10%||&#8221; custom_margin_phone=&#8221;|||&#8221; custom_margin_last_edited=&#8221;on|phone&#8221; animation_style=&#8221;slide&#8221; animation_direction=&#8221;left&#8221; animation_intensity_slide=&#8221;5%&#8221; global_colors_info=&#8221;{}&#8221;][\/et_pb_image][\/et_pb_column][\/et_pb_row][\/et_pb_section][et_pb_section fb_built=&#8221;1&#8243; fullwidth=&#8221;on&#8221; _builder_version=&#8221;4.16&#8243; _module_preset=&#8221;default&#8221; global_colors_info=&#8221;{}&#8221;][et_pb_fullwidth_image src=&#8221;https:\/\/www.publicamexico.com\/wp-content\/uploads\/2021\/10\/SERVICIOS-1.png&#8221; title_text=&#8221;SERVICIOS&#8221; _builder_version=&#8221;4.16&#8243; _module_preset=&#8221;default&#8221; global_colors_info=&#8221;{}&#8221;][\/et_pb_fullwidth_image][\/et_pb_section]<\/p>\n","protected":false},"excerpt":{"rendered":"<p>03 MUPI: Mobiliario urbano\u00a0 M\u00e1s de 2.000 caras propias. Presencia en m\u00e1s de 325 Colegios y Universidades. Investigaci\u00f3n, an\u00e1lisis y desarrollo del plan de comunicaci\u00f3n con resultados reales de impactos y alcances. Segmentaci\u00f3n. Acciones especiales: Comunicaci\u00f3n tridimensional y sensorial; empleo segundos planos,\u00a0 materiales especiales, lenticular, digitalizaci\u00f3n, paneles touch. Planteles a nivel Nacional Est\u00e1s son algunas [&hellip;]<\/p>\n","protected":false},"author":1,"featured_media":0,"parent":0,"menu_order":0,"comment_status":"closed","ping_status":"closed","template":"","meta":{"_et_pb_use_builder":"on","_et_pb_old_content":"","_et_gb_content_width":"","_exactmetrics_skip_tracking":false,"_exactmetrics_sitenote_active":false,"_exactmetrics_sitenote_note":"","_exactmetrics_sitenote_category":0,"footnotes":""},"class_list":["post-548","page","type-page","status-publish","hentry"],"yoast_head":"<!-- This site is optimized with the Yoast SEO plugin v27.4 - https:\/\/yoast.com\/product\/yoast-seo-wordpress\/ -->\n<title>MUPIS - Publica Advertising<\/title>\n<meta name=\"robots\" content=\"index, follow, max-snippet:-1, max-image-preview:large, max-video-preview:-1\" \/>\n<link rel=\"canonical\" href=\"https:\/\/www.publicamexico.com\/?page_id=548\" \/>\n<meta property=\"og:locale\" content=\"es_MX\" \/>\n<meta property=\"og:type\" content=\"article\" \/>\n<meta property=\"og:title\" content=\"MUPIS - Publica Advertising\" \/>\n<meta property=\"og:description\" content=\"03 MUPI: Mobiliario urbano\u00a0 M\u00e1s de 2.000 caras propias. Presencia en m\u00e1s de 325 Colegios y Universidades. Investigaci\u00f3n, an\u00e1lisis y desarrollo del plan de comunicaci\u00f3n con resultados reales de impactos y alcances. Segmentaci\u00f3n. Acciones especiales: Comunicaci\u00f3n tridimensional y sensorial; empleo segundos planos,\u00a0 materiales especiales, lenticular, digitalizaci\u00f3n, paneles touch. Planteles a nivel Nacional Est\u00e1s son algunas [&hellip;]\" \/>\n<meta property=\"og:url\" content=\"https:\/\/www.publicamexico.com\/?page_id=548\" \/>\n<meta property=\"og:site_name\" content=\"Publica Advertising\" \/>\n<meta property=\"article:modified_time\" content=\"2024-01-03T16:59:44+00:00\" \/>\n<meta name=\"twitter:card\" content=\"summary_large_image\" \/>\n<script type=\"application\/ld+json\" class=\"yoast-schema-graph\">{\"@context\":\"https:\\\/\\\/schema.org\",\"@graph\":[{\"@type\":\"WebPage\",\"@id\":\"https:\\\/\\\/www.publicamexico.com\\\/?page_id=548\",\"url\":\"https:\\\/\\\/www.publicamexico.com\\\/?page_id=548\",\"name\":\"MUPIS - Publica Advertising\",\"isPartOf\":{\"@id\":\"https:\\\/\\\/www.publicamexico.com\\\/#website\"},\"datePublished\":\"2021-10-11T18:31:34+00:00\",\"dateModified\":\"2024-01-03T16:59:44+00:00\",\"breadcrumb\":{\"@id\":\"https:\\\/\\\/www.publicamexico.com\\\/?page_id=548#breadcrumb\"},\"inLanguage\":\"es\",\"potentialAction\":[{\"@type\":\"ReadAction\",\"target\":[\"https:\\\/\\\/www.publicamexico.com\\\/?page_id=548\"]}]},{\"@type\":\"BreadcrumbList\",\"@id\":\"https:\\\/\\\/www.publicamexico.com\\\/?page_id=548#breadcrumb\",\"itemListElement\":[{\"@type\":\"ListItem\",\"position\":1,\"name\":\"Inicio\",\"item\":\"https:\\\/\\\/www.publicamexico.com\\\/\"},{\"@type\":\"ListItem\",\"position\":2,\"name\":\"MUPIS\"}]},{\"@type\":\"WebSite\",\"@id\":\"https:\\\/\\\/www.publicamexico.com\\\/#website\",\"url\":\"https:\\\/\\\/www.publicamexico.com\\\/\",\"name\":\"Publica Advertising\",\"description\":\"Just another WordPress site\",\"potentialAction\":[{\"@type\":\"SearchAction\",\"target\":{\"@type\":\"EntryPoint\",\"urlTemplate\":\"https:\\\/\\\/www.publicamexico.com\\\/?s={search_term_string}\"},\"query-input\":{\"@type\":\"PropertyValueSpecification\",\"valueRequired\":true,\"valueName\":\"search_term_string\"}}],\"inLanguage\":\"es\"}]}<\/script>\n<!-- \/ Yoast SEO plugin. -->","yoast_head_json":{"title":"MUPIS - Publica Advertising","robots":{"index":"index","follow":"follow","max-snippet":"max-snippet:-1","max-image-preview":"max-image-preview:large","max-video-preview":"max-video-preview:-1"},"canonical":"https:\/\/www.publicamexico.com\/?page_id=548","og_locale":"es_MX","og_type":"article","og_title":"MUPIS - Publica Advertising","og_description":"03 MUPI: Mobiliario urbano\u00a0 M\u00e1s de 2.000 caras propias. Presencia en m\u00e1s de 325 Colegios y Universidades. Investigaci\u00f3n, an\u00e1lisis y desarrollo del plan de comunicaci\u00f3n con resultados reales de impactos y alcances. Segmentaci\u00f3n. Acciones especiales: Comunicaci\u00f3n tridimensional y sensorial; empleo segundos planos,\u00a0 materiales especiales, lenticular, digitalizaci\u00f3n, paneles touch. Planteles a nivel Nacional Est\u00e1s son algunas [&hellip;]","og_url":"https:\/\/www.publicamexico.com\/?page_id=548","og_site_name":"Publica Advertising","article_modified_time":"2024-01-03T16:59:44+00:00","twitter_card":"summary_large_image","schema":{"@context":"https:\/\/schema.org","@graph":[{"@type":"WebPage","@id":"https:\/\/www.publicamexico.com\/?page_id=548","url":"https:\/\/www.publicamexico.com\/?page_id=548","name":"MUPIS - Publica Advertising","isPartOf":{"@id":"https:\/\/www.publicamexico.com\/#website"},"datePublished":"2021-10-11T18:31:34+00:00","dateModified":"2024-01-03T16:59:44+00:00","breadcrumb":{"@id":"https:\/\/www.publicamexico.com\/?page_id=548#breadcrumb"},"inLanguage":"es","potentialAction":[{"@type":"ReadAction","target":["https:\/\/www.publicamexico.com\/?page_id=548"]}]},{"@type":"BreadcrumbList","@id":"https:\/\/www.publicamexico.com\/?page_id=548#breadcrumb","itemListElement":[{"@type":"ListItem","position":1,"name":"Inicio","item":"https:\/\/www.publicamexico.com\/"},{"@type":"ListItem","position":2,"name":"MUPIS"}]},{"@type":"WebSite","@id":"https:\/\/www.publicamexico.com\/#website","url":"https:\/\/www.publicamexico.com\/","name":"Publica Advertising","description":"Just another WordPress site","potentialAction":[{"@type":"SearchAction","target":{"@type":"EntryPoint","urlTemplate":"https:\/\/www.publicamexico.com\/?s={search_term_string}"},"query-input":{"@type":"PropertyValueSpecification","valueRequired":true,"valueName":"search_term_string"}}],"inLanguage":"es"}]}},"_links":{"self":[{"href":"https:\/\/www.publicamexico.com\/index.php?rest_route=\/wp\/v2\/pages\/548","targetHints":{"allow":["GET"]}}],"collection":[{"href":"https:\/\/www.publicamexico.com\/index.php?rest_route=\/wp\/v2\/pages"}],"about":[{"href":"https:\/\/www.publicamexico.com\/index.php?rest_route=\/wp\/v2\/types\/page"}],"author":[{"embeddable":true,"href":"https:\/\/www.publicamexico.com\/index.php?rest_route=\/wp\/v2\/users\/1"}],"replies":[{"embeddable":true,"href":"https:\/\/www.publicamexico.com\/index.php?rest_route=%2Fwp%2Fv2%2Fcomments&post=548"}],"version-history":[{"count":8,"href":"https:\/\/www.publicamexico.com\/index.php?rest_route=\/wp\/v2\/pages\/548\/revisions"}],"predecessor-version":[{"id":764,"href":"https:\/\/www.publicamexico.com\/index.php?rest_route=\/wp\/v2\/pages\/548\/revisions\/764"}],"wp:attachment":[{"href":"https:\/\/www.publicamexico.com\/index.php?rest_route=%2Fwp%2Fv2%2Fmedia&parent=548"}],"curies":[{"name":"wp","href":"https:\/\/api.w.org\/{rel}","templated":true}]}}